{"id":85,"date":"2023-09-20T14:14:56","date_gmt":"2023-09-20T19:14:56","guid":{"rendered":"https:\/\/maatecalidadambiental.ambiente.gob.ec\/?page_id=85"},"modified":"2025-02-12T12:58:39","modified_gmt":"2025-02-12T17:58:39","slug":"normativa","status":"publish","type":"page","link":"https:\/\/maatecalidadambiental.ambiente.gob.ec\/index.php\/normativa\/","title":{"rendered":"NORMATIVA"},"content":{"rendered":"<p><strong>NORMATIVA PARA LOS PROCESOS DE PARTICIPACI\u00d3N CIUDADANA PARA LA CONSULTA AMBIENTAL:<\/strong><\/p>\n<ul>\n<li>Acuerdo de Escazu (4 de marzo de 2018): <a href=\"https:\/\/maatecalidadambiental.ambiente.gob.ec\/wp-content\/uploads\/2024\/03\/Acuerdo-de-Escazu-1.pdf\">Acuerdo de Escazu<\/a><\/li>\n<li>Declaraci\u00f3n de R\u00edo sobre el Medio Ambiente y el Desarrollo (Junio de 1992): <a href=\"https:\/\/maatecalidadambiental.ambiente.gob.ec\/wp-content\/uploads\/2024\/03\/Declaracion-de-Rio-sobre-el-Medio-Ambiente-y-el-Desarrollo.pdf\">Declaraci\u00f3n de R\u00edo sobre el Medio Ambiente y el Desarrollo<\/a><\/li>\n<li>Constituci\u00f3n (2008): <a href=\"https:\/\/maatecalidadambiental.ambiente.gob.ec\/wp-content\/uploads\/2024\/03\/CONSTITUCION-2008.pdf\">CONSTITUCION 2008<\/a><\/li>\n<li>C\u00f3digo Org\u00e1nico del Ambiente: <a href=\"https:\/\/maatecalidadambiental.ambiente.gob.ec\/wp-content\/uploads\/2024\/03\/CODIGO_ORGANICO_AMBIENTE.pdf\">CODIGO_ORGANICO_AMBIENTE<\/a><\/li>\n<li>Reglamente al COAM: <a href=\"https:\/\/maatecalidadambiental.ambiente.gob.ec\/wp-content\/uploads\/2024\/03\/REGLAMENTO_AL-COA_CON-DE-754.pdf\">REGLAMENTO_AL COA_CON DE 754<\/a><\/li>\n<li>Decreto Ejecutivo Nro. 754 (Suscrito 31 de mayo de 2023. Registro Oficial 323 de 01 de junio de 2023): <a href=\"https:\/\/maatecalidadambiental.ambiente.gob.ec\/wp-content\/uploads\/2024\/03\/REGISTRO-OFICIAL-CONSULTA-AMBIENTAL.pdf\">REGISTRO OFICIAL CONSULTA AMBIENTAL<\/a><\/li>\n<li>Sentencia Nro. 22-18-IN\/21\u00a0 (08 de septiembre de 2021):\u00a0<a href=\"https:\/\/maatecalidadambiental.ambiente.gob.ec\/wp-content\/uploads\/2024\/03\/Sentencia-No22_18_IN21.pdf\">Sentencia No22_18_IN21<\/a><\/li>\n<li>Sentencia Nro. Sentencia 51-23-IN\/23 (09 de noviembre de 2023): <a href=\"https:\/\/maatecalidadambiental.ambiente.gob.ec\/wp-content\/uploads\/2024\/03\/Sentencia-51_23_IN_23.pdf\">Sentencia 51_23_IN_23<\/a><\/li>\n<\/ul>\n","protected":false},"excerpt":{"rendered":"<p>NORMATIVA PARA LOS PROCESOS DE PARTICIPACI\u00d3N CIUDADANA PARA LA CONSULTA AMBIENTAL: Acuerdo de Escazu (4 de marzo de 2018): Acuerdo de Escazu Declaraci\u00f3n de R\u00edo sobre el Medio Ambiente y el Desarrollo (Junio de 1992): Declaraci\u00f3n de R\u00edo sobre el Medio Ambiente y el Desarrollo Constituci\u00f3n (2008): CONSTITUCION 2008 C\u00f3digo Org\u00e1nico del Ambiente: CODIGO_ORGANICO_AMBIENTE Reglamente [&hellip;]<\/p>\n","protected":false},"author":1,"featured_media":0,"parent":0,"menu_order":0,"comment_status":"closed","ping_status":"closed","template":"","meta":{"footnotes":""},"class_list":["post-85","page","type-page","status-publish","hentry"],"_links":{"self":[{"href":"https:\/\/maatecalidadambiental.ambiente.gob.ec\/index.php\/wp-json\/wp\/v2\/pages\/85","targetHints":{"allow":["GET"]}}],"collection":[{"href":"https:\/\/maatecalidadambiental.ambiente.gob.ec\/index.php\/wp-json\/wp\/v2\/pages"}],"about":[{"href":"https:\/\/maatecalidadambiental.ambiente.gob.ec\/index.php\/wp-json\/wp\/v2\/types\/page"}],"author":[{"embeddable":true,"href":"https:\/\/maatecalidadambiental.ambiente.gob.ec\/index.php\/wp-json\/wp\/v2\/users\/1"}],"replies":[{"embeddable":true,"href":"https:\/\/maatecalidadambiental.ambiente.gob.ec\/index.php\/wp-json\/wp\/v2\/comments?post=85"}],"version-history":[{"count":8,"href":"https:\/\/maatecalidadambiental.ambiente.gob.ec\/index.php\/wp-json\/wp\/v2\/pages\/85\/revisions"}],"predecessor-version":[{"id":1865,"href":"https:\/\/maatecalidadambiental.ambiente.gob.ec\/index.php\/wp-json\/wp\/v2\/pages\/85\/revisions\/1865"}],"wp:attachment":[{"href":"https:\/\/maatecalidadambiental.ambiente.gob.ec\/index.php\/wp-json\/wp\/v2\/media?parent=85"}],"curies":[{"name":"wp","href":"https:\/\/api.w.org\/{rel}","templated":true}]}}

<p><strong>NORMATIVA PARA LOS PROCESOS DE PARTICIPACIÓN CIUDADANA PARA LA CONSULTA AMBIENTAL:</strong></p>
<ul>
<li>Acuerdo de Escazu (4 de marzo de 2018): <a href="https://maatecalidadambiental.ambiente.gob.ec/wp-content/uploads/2024/03/Acuerdo-de-Escazu-1.pdf">Acuerdo de Escazu</a></li>
<li>Declaración de Río sobre el Medio Ambiente y el Desarrollo (Junio de 1992): <a href="https://maatecalidadambiental.ambiente.gob.ec/wp-content/uploads/2024/03/Declaracion-de-Rio-sobre-el-Medio-Ambiente-y-el-Desarrollo.pdf">Declaración de Río sobre el Medio Ambiente y el Desarrollo</a></li>
<li>Constitución (2008): <a href="https://maatecalidadambiental.ambiente.gob.ec/wp-content/uploads/2024/03/CONSTITUCION-2008.pdf">CONSTITUCION 2008</a></li>
<li>Código Orgánico del Ambiente: <a href="https://maatecalidadambiental.ambiente.gob.ec/wp-content/uploads/2024/03/CODIGO_ORGANICO_AMBIENTE.pdf">CODIGO_ORGANICO_AMBIENTE</a></li>
<li>Reglamente al COAM: <a href="https://maatecalidadambiental.ambiente.gob.ec/wp-content/uploads/2024/03/REGLAMENTO_AL-COA_CON-DE-754.pdf">REGLAMENTO_AL COA_CON DE 754</a></li>
<li>Decreto Ejecutivo Nro. 754 (Suscrito 31 de mayo de 2023. Registro Oficial 323 de 01 de junio de 2023): <a href="https://maatecalidadambiental.ambiente.gob.ec/wp-content/uploads/2024/03/REGISTRO-OFICIAL-CONSULTA-AMBIENTAL.pdf">REGISTRO OFICIAL CONSULTA AMBIENTAL</a></li>
<li>Sentencia Nro. 22-18-IN/21  (08 de septiembre de 2021): <a href="https://maatecalidadambiental.ambiente.gob.ec/wp-content/uploads/2024/03/Sentencia-No22_18_IN21.pdf">Sentencia No22_18_IN21</a></li>
<li>Sentencia Nro. Sentencia 51-23-IN/23 (09 de noviembre de 2023): <a href="https://maatecalidadambiental.ambiente.gob.ec/wp-content/uploads/2024/03/Sentencia-51_23_IN_23.pdf">Sentencia 51_23_IN_23</a></li>
</ul>

<p>NORMATIVA PARA LOS PROCESOS DE PARTICIPACIÓN CIUDADANA PARA LA CONSULTA AMBIENTAL: Acuerdo de Escazu (4 de marzo de 2018): Acuerdo de Escazu Declaración de Río sobre el Medio Ambiente y el Desarrollo (Junio de 1992): Declaración de Río sobre el Medio Ambiente y el Desarrollo Constitución (2008): CONSTITUCION 2008 Código Orgánico del Ambiente: CODIGO_ORGANICO_AMBIENTE Reglamente [&hellip;]</p>
